n divisor of 118 and b.
59
Suppose 494 = 4*p - i, -2*p + 143 + 107 = i. Let o be (-2)/(10/(-5)) - -30. What is the greatest common divisor of p and o?
31
Let g be (68/(-119))/((-12)/210). What is the greatest common factor of g and 95?
5
Let v be 5 + 12/(-16)*-4. Let m(q) = 2*q**3 + 12*q**2 + v - 2*q + q**3 - 2*q**3 + 11*q. Let n be m(-11). What is the highest common divisor of 3 and n?
3
Let w be 1 - (-1 - 3 - -85). Let m = -484 - w. Let r = 593 + m. What is the greatest common factor of 21 and r?
21
Let t(z) = -14*z - 48. Let o(n) = -n**3 + 3*n**2 - 2*n + 7. Let k be o(4). Let v be t(k). What is the greatest common factor of v and 38?
38
Let r = 7 - -191. Suppose 0 = 4*l - 2*o - r, -o = l + o - 42. Calculate the highest common divisor of 3 and l.
3
Let i = 8 + -11. Let k be i/12 - (-2601)/(-12). Let c = k + 349. What is the highest common factor of 12 and c?
12
Let w(d) = -173*d - 97. Let p be w(-5). What is the highest common divisor of p and 12?
12
Let d(q) = -q**2 + 13*q - 22. Let j be d(8). Calculate the greatest common divisor of j and 30.
6
Let u = 77 - 77. Let j(b) = b + 3. Let v be j(u). What is the highest common factor of 3 and v?
3
Suppose 0 = -7*w + 71 + 216. Let i = 51 - w. Calculate the highest common factor of 50 and i.
10
Let m = 70 + -45. Let f = 10 + m. Calculate the greatest common factor of 14 and f.
7
Suppose -35*k = -32*k - 63. What is the greatest common divisor of 105 and k?
21
Suppose -3*j = -p - 13, -2*j + 1 + 7 = -p. Suppose o + 2*o = 2*d - 66, 134 = 4*d - j*o. What is the greatest common divisor of 24 and d?
12
Let p(l) = -17*l + 35. Let s be p(-20). What is the highest common divisor of s and 15?
15
Let a be (1 - 1/1)*61/122. Suppose a = -2*l + 7*l - 30. Let y be 18/8 - 1/4. What is the highest common factor of l and y?
2
Suppose -82 = 25*j - 2882. Calculate the greatest common factor of j and 140.
28
Let p be (-50)/(-4) + 5676/1032. Let b be (-1)/4 + 1298/8. Calculate the highest common divisor of p and b.
18
Let v(d) = -22*d + 606. Let r be v(24). Let o be (2/(-1) + 9)*-3. Let u = o - -47. What is the highest common factor of u and r?
26
Let a(x) = x**2 - 34*x + 28. Let d be a(0). Calculate the highest common factor of 350 and d.
14
Let c(t) = -33*t + 372. Let x be c(10). What is the highest common divisor of 336 and x?
42
Let g(k) = -k**3 + 2*k**2 + 7*k - 7. Let c be g(3). Suppose -c*i + 34 = -3*i. What is the greatest common factor of i and 85?
17
Let b be 1/(((-3)/70)/((-66)/55)). Let z be (18/(-8))/((-9)/336). Calculate the greatest common factor of z and b.
28
Suppose c = 5*s + 9, -s - 57 = -3*c + 4*s. Let q be (-1130)/(-7) - c/56. What is the greatest common divisor of 23 and q?
23
Let u = 1862 - 1694. Suppose q - 16 = -5*x - 2, -80 = -3*q + 4*x. Calculate the highest common divisor of u and q.
24
Let m(v) be the second derivative of -19*v**4/4 + v**2/2 - 4*v. Let y be m(-1). Let q = y - -91. What is the greatest common factor of q and 7?
7
Let y = -71 + 695. What is the greatest common divisor of y and 48?
48
Let d = 403 + -365. Calculate the highest common divisor of d and 114.
38
Let q(i) = i + 4. Let l be q(0). Suppose h = -2, 0 = 3*c - 2*c - h - 3. Calculate the highest common divisor of c and l.
1
Let g be (-265512)/(-483) - 5/7. Calculate the highest common factor of g and 122.
61
Let j = -164 - -176. Let s = 87 - 51. Calculate the greatest common factor of j and s.
12
Let g be (-3)/(6/5)*-2. Suppose 262 = 24*d - 98. Calculate the greatest common factor of d and g.
5
Let h = -92 - -155. Calculate the greatest common divisor of h and 7.
7
Suppose -q - 139 = -4*x, 5*q + 3*x + 647 = -x. Let i = q - -138. What is the greatest common divisor of 63 and i?
7
Suppose r - 3*l = -4*l + 7, -3*r + 27 = 5*l. Let o = 2 + 4. What is the greatest common divisor of o and r?
2
Suppose -40*g + 42*g - 140 = 0. What is the greatest common factor of g and 28?
14
Let q be 7 - (-523 - 1) - 4. Calculate the greatest common factor of q and 17.
17
Let t(c) = -7*c + 105. Let p be t(-13). Calculate the greatest common factor of p and 49.
49
Let t(q) = 6*q + 44. Let v be t(8). Calculate the greatest common factor of v and 23.
23
Let n be 9600/84 + ((-4)/14 - 0). Calculate the greatest common factor of 266 and n.
38
Let s(y) = y + 22. Let i be s(-10). Calculate the highest common divisor of 204 and i.
12
Suppose -x - c = -34, -x + 0*c + c = -36. Suppose 3*r = -5*z - 106, 0 = -r + z + 3*z - 24. Let p = r - -67. Calculate the highest common divisor of x and p.
35
Let s(h) = 18*h - 2. Suppose -5*d - 9 - 16 = 0. Let t = d - -6. Let v be s(t). What is the highest common divisor of 80 and v?
16
Let n(d) = 3*d**2 - 27. Let p be n(6). Calculate the highest common divisor of p and 9.
9
Let q = 2 + 5. Let f be 42/q*(-2)/(-4). Suppose -2*p = 3*t - 249, -f*p - 396 = -5*t - 0*p. Calculate the greatest common factor of t and 9.
9
Let b be -1 + (-650)/8 - (-1)/4. Let p = -46 - b. What is the highest common factor of 18 and p?
18
Suppose 0 = d + 3*d - 76. Suppose 5*c - 10 = -0*k + 5*k, 4*k = -5*c - 26. Let s be 1*38/(5 + k). Calculate the greatest common factor of s and d.
19
Let j be 8/20 + 624/(-10). Let u = j + 92. Suppose 0 = 5*f - 15*f + 120. Calculate the highest common factor of u and f.
6
Let h = -113 + 197. Let w(r) = -5*r - 6. Let c be w(-6). Let t = 36 - c. Calculate the greatest common divisor of h and t.
12
Let k(m) = 6*m + 8*m + 38 - 15*m + m**2. Let z be k(0). Calculate the highest common factor of 57 and z.
19
Suppose 133*u + 986 = 191*u. What is the greatest common factor of u and 1921?
17
Let t(i) = i**3 + 14*i**2 - 2*i + 53. Let c be t(-13). Calculate the greatest common factor of 8 and c.
8
Let y = -356 + 612. What is the greatest common divisor of y and 32?
32
Suppose -w - 2 + 4 = 0. Let f be 49/w - 3/2. Let o = 28 - f. What is the greatest common factor of 20 and o?
5
Let j(z) = -z + 1. Let c(o) = 12*o - 62. Let s(l) = -c(l) - 3*j(l). Let x be s(6). Calculate the greatest common divisor of 30 and x.
5
Suppose 3*w - 310 = -58. Suppose -3*g - 6 = 0, -5*f - 74 - 21 = 5*g. Let p be (-6)/4*(f - -3). Calculate the highest common factor of p and w.
21
Let a(b) = -50*b - 402. Let n be a(-33). Calculate the highest common divisor of n and 39.
39
Let u be -2*(-10 + (-1107)/18). Calculate the highest common factor of u and 165.
11
Let l be ((-45)/36)/((17/(-12))/17). Let w be (-2)/(-7) + (-3459)/(-21). What is the highest common factor of l and w?
15
Let x be (4 - 195/2)*-4. What is the greatest common factor of x and 68?
34
Let w be (1/3)/((-1)/(-36)). Let i(p) be the first derivative of p**2/2 + 10*p + 1. Let q be i(w). Calculate the greatest common factor of q and 242.
22
Let w(t) = -t - 5. Let p be w(-30). Calculate the greatest common factor of p and 200.
25
Suppose t - 663 = -5*w + 516, -4*w = 2*t - 2364. What is the greatest common divisor of t and 74?
74
Suppose -12*z - 2325 + 6741 = 0. What is the greatest common factor of 16 and z?
16
Let r(p) = -4*p**3 - 16*p**2 + 6*p + 20. Let l be r(-5). Calculate the greatest common divisor of 18 and l.
18
Let u be ((-12)/(-3) - 1)*(2 - 1). Suppose -u*r - 12*r = -210. What is the highest common factor of 14 and r?
14
Let l(b) = -b**3 + 14*b**2 - 12*b + 8. Let g be l(13). Calculate the greatest common factor of g and 27.
3
Let j(q) = 4*q**2 - 3*q**2 - q**2 + 2*q + 10 + 9*q**2. Let s be j(6). Suppose 134 + s = 3*c. What is the greatest common divisor of 20 and c?
20
Let k(t) = 6*t - 6. Let h be k(6). Suppose -s = 4*s - h. Suppose s*p - 9*p = -60. What is the highest common factor of 5 and p?
5
Suppose 4*x - 182 = 18. Suppose -2*n = 147 - 187. What is the highest common factor of x and n?
10
Let c = 32 + -4. Suppose 3*m = -m + c. Calculate the greatest common factor of 7 and m.
7
Suppose -4*h = 5*v, -18 + 1 = -3*v + h. Let j be 261/v - (-9)/(-36). Let i be (-11)/((-33)/72) - -2. Calculate the highest common divisor of j and i.
13
Let i be ((-5)/(-2))/((-1)/(-2)). Suppose 8*y + 4*d = 4*y + 588, y = i*d + 177. Suppose 9*h + 41 = 212. What is the highest common divisor of y and h?
19
Suppose -24 = 5*k - 9*k. Suppose 0 = -4*b + k - 22. Let p = b - -10. What is the greatest common factor of 42 and p?
6
Let g = 29 - 9. Let m = 285 - 255. Calculate the highest common divisor of m and g.
10
L